) = 9*l. What is o(u)?
-18
Let k(c) = c. Let d be 60/8*(-4)/(-6). Suppose -d*b + 8 = -b. What is k(b)?
2
Let q = 3 + -2. Let o = 6 - q. Let s(l) = l - l**2 + 0*l**2 - 1 + 4*l. Give s(o).
-1
Let c be 16/10*50/4. Suppose 4*t + c = -0*t. Let f = -2 - t. Let i(z) = -z**3 + 3*z**2 - 3*z + 3. Determine i(f).
-6
Let k(y) = -2*y + 2. Let r(d) = d - 1. Suppose 3*v + 2*v = 25. Let f(o) = v*r(o) + 3*k(o). Calculate f(-5).
6
Let b(t) be the second derivative of t**8/6720 - t**7/840 - t**6/240 + t**5/120 + t**4/6 + 2*t. Let l(u) be the third derivative of b(u). Give l(4).
5
Let s be ((5 - 3)/2)/1. Let u(n) = -2*n**3 + 8*n**3 + 3*n**3. Calculate u(s).
9
Let f(p) = 5*p - 3*p - 3*p. Let t be f(-5). Let r(k) = 2*k - 6. What is r(t)?
4
Let f(y) = 3*y - 2*y + 6*y. Let w(r) be the first derivative of -r**2/2 - 4*r + 1. Let k be w(-5). What is f(k)?
7
Let n(z) = 3*z + 1. Let q = 8 - 3. Suppose -2*p = 2*l + 2, q*p - 18 - 1 = l. Let j be 2/p + (-2)/(-6). Give n(j).
4
Let n = 16 - 23. Let q = n - -7. Let k(a) be the second derivative of a**3/6 + 5*a**2 + a. Determine k(q).
10
Let m(g) be the first derivative of g**2/2 - 5*g - 1. Let d be 0 + -2*6/(-4). Suppose 0 = -w - d*w. Give m(w).
-5
Let n(l) = l**3 - 8*l**2 + 7*l + 5. Suppose -5*t = 13 - 48. What is n(t)?
5
Let y(c) = -2*c**3 - c - 1. Let k(v) be the second derivative of v**5/10 - v**3/6 + 3*v. Let b be k(-1). Calculate y(b).
2
Let h(c) = c - 1. Let q(g) = 8*g - 10. Let a(r) = 10*h(r) - q(r). What is a(5)?
10
Let x = 1 - 0. Let m(l) be the first derivative of 2*l**4 + l**3/3 - l**2/2 - 4. Determine m(x).
8
Let c = 15 + -16. Let y be (c + -1 - -2)/(-1). Let o(r) be the first derivative of r**2/2 - 2*r - 1. What is o(y)?
-2
Let c(k) = 14*k**2 - k**3 + 15*k**2 - 20*k**2 - 5. Calculate c(9).
-5
Let m be 1*(-9)/6*2. Let v be 6 + m/(9/6). Let t(r) = 3*r + v + 5*r**2 + 1 - 4*r - r**3. Give t(5).
0
Let f(t) be the second derivative of t**6/360 - t**5/40 - t**4/4 - 2*t. Let w(j) be the third derivative of f(j). Calculate w(5).
7
Let j(f) be the first derivative of f**3/3 - 3*f**2 + 7*f + 5. Determine j(6).
7
Suppose 5*m = -2*z, 4*z - 18 = -2*m + m. Let u(y) = 7*y**3 + 2*y - 3*y**3 - 5*y**3 - z*y**2 - 4*y. Let l be (1*-1)/(2/4). Calculate u(l).
-8
Let g(w) = w**2 + 10*w + 6. Let h be g(-10). Let l(z) = h*z**2 - 8 + 2*z + 0*z - z**3 + 0*z. Calculate l(6).
4
Let g(i) = 2*i. Let d(y) = -20*y - 1. Let p(w) = -2*d(w) - 22*g(w). Determine p(2).
-6
Let r be 2 - 4/((-8)/2). Let i(b) = -3 - 2*b + 0 + 3*b. Let m be i(r). Let u(y) = y + 1. Calculate u(m).
1
Let m(w) = w**3 - 4*w**2 + 2*w + 2. Let q be 1/(5/6 + -1). Suppose -2*y - 6 = 4*h, 4*h + y = 6*h + 13. Let f = h - q. Give m(f).
-2
Let k = 182 + -130. Let s be (5/(-10))/((-2)/k). Let m = -8 + s. Let u(o) = o**2 - 3*o - 5. Give u(m).
5
Let m(d) be the second derivative of -d**5/20 - d**4/2 - d**3 - d**2/2 - d. Suppose 0 = -4*s + 24 + 56. Suppose -s = 5*b + 5. Calculate m(b).
4
Let w(u) = -57 + u**3 - 2*u + 5*u**2 + 62 - u**2. Determine w(-5).
-10
Let p(v) = v**2 + 1. Let k(r) = r**2 - 7*r + 11. Let j be k(5). Give p(j).
2
Let p(d) be the third derivative of -1/20*d**6 + 9*d**2 + 0*d**3 - 1/24*d**4 + 0 + 0*d + 1/60*d**5. Calculate p(1).
-6
Let t(c) be the second derivative of -c**3/6 + c**2 + 20*c. What is t(5)?
-3
Let z(k) = 2*k - 3. Suppose 0*f + 18 = 6*f. Suppose f*y + 4 - 22 = 0. Calculate z(y).
9
Let p(v) = v**2 - 4*v - 7. Let n(k) = -k**3 + 9*k**2 - 8*k + 6. Let t be n(8). Give p(t).
5
Let f(v) be the third derivative of v**5/60 - v**4/24 + 2*v**3/3 + 22*v**2. Calculate f(3).
10
Let q(m) = -m**2 + m. Let k(p) = 3*p**2 - 4*p - 2. Let r(f) = k(f) + 4*q(f). Let g be (1 - 1)/(1 - 2). Determine r(g).
-2
Let c(b) be the third derivative of -b**5/60 + 7*b**4/24 - 7*b**3/6 - b**2. Let t be 4/(-22) - 855/(-165). What is c(t)?
3
Let j(y) = -8*y. Let k(i) = -i**2 + 4*i + 3. Let f be k(-2). Let c(l) be the second derivative of -l**3/6 - 5*l**2 - 6*l. Let u be c(f). Calculate j(u).
8
Let k(o) = -o - 2. Let i(y) = -y**2 + 15*y - 47. Let d be i(10). Calculate k(d).
-5
Let q(f) = 14*f**2 - 8*f + 26. Let p(h) be the second derivative of 5*h**4/12 - h**3/2 + 9*h**2/2 - 8*h. Let u(s) = -17*p(s) + 6*q(s). What is u(3)?
3
Let l be (0/(-3)*1)/(3 + -1). Let t(r) = r - 15. Determine t(l).
-15
Let s(q) be the second derivative of -q**3/6 - 2*q**2 + 2*q. Determine s(-3).
-1
Suppose 0*u = -4*l - 3*u - 12, 2*l + 5*u = -20. Let v = l - 4. Let m(x) = -2*x**2 - 4 + 2*x**2 + x**2 + 3*x. Calculate m(v).
0
Let k be (9/(-4))/3*-8. Let t(v) = -8*v + 14. Let u(l) = 17*l - 29. Let x(p) = -13*t(p) - 6*u(p). Calculate x(k).
4
Let z(p) = 2*p**2 - 3*p + 1. Let j(y) = -4*y + 10. Let l be j(2). Calculate z(l).
3
Let l(i) be the first derivative of i**3/3 + i**2 + i - 9. Calculate l(-1).
0
Suppose 4*u - 2 = -3*d, 3*d + 4 = 4*u + 14. Let x(l) = 6 + 4*l - 3*l + d - 4. Give x(-4).
0
Let g(i) = -i. Suppose 0 = -6*u + u - 30. Let s(r) = -7*r. Let c(f) = u*g(f) + s(f). Calculate c(-1).
1
Let b(a) = a**3 + 3*a**2 - 4*a + 4. Suppose 0 = -4*q - 3*x + 36, 3*q - x - 9 - 5 = 0. Let i(d) = 0*d - d**2 + 5*d + 0*d + 2. Let k be i(q). Determine b(k).
4
Let z(q) = -4*q**3 - 2*q**2 + q. Let o be z(1). Let h(j) = -j**2 - 4*j + 1. Let f(a) = -a**2 - 4*a + 1. Let i(y) = -5*f(y) + 4*h(y). Give i(o).
4
Let h(y) be the third derivative of 1/6*y**4 - 1/120*y**6 + 1/20*y**5 - 2/3*y**3 + 0 + 0*y - y**2. Let l be 3 + -1 + (-6)/(-3). What is h(l)?
-4
Let z(u) = -4*u + 3*u - 5 + 6. Let c(o) = -o**3 + 4*o**2 + 5*o - 3. Let h be c(5). Determine z(h).
4
Let v(j) = 8*j + 2 - 2 + 1. Let i(n) = -2*n + 3. Let y be i(2). What is v(y)?
-7
Suppose 0 = f + 3*u - 17, 2*f + 7 = 3*u - 4. Suppose 0 = 5*g - f*g - 6. Let j(t) = 2*t + 3. Let n(w) = w + 4. Let k(m) = g*j(m) - 3*n(m). Calculate k(5).
-1
Let f(p) be the third derivative of -p**4/24 - p**3/3 - 6*p**2. Give f(-2).
0
Let j be 2*(9/(-6) + 3). Let t(p) = -p + 1 + 3*p - j*p - 4*p**3. What is t(1)?
-4
Suppose 0*d - 12 = 2*d. Let q = d - -1. Let g(m) = m**3 + 4*m**2 - 4*m - 2. Give g(q).
-7
Let y(v) = -v + 10. Let q(k) be the first derivative of k**4/4 + 8*k**3/3 - k**2 - 11*k - 1. Let c be q(-8). Determine y(c).
5
Let p(d) = d**2 + 9*d + 10. Let y be p(-8). Let t(x) = 4 + 4*x**2 + 0*x - 3*x**y - x + 2*x. Let c be 1*0/((-2)/(-1)). Give t(c).
4
Let x(q) = -8*q + 35. Let o(b) = 4*b - 17. Let y(d) = -5*o(d) - 2*x(d). Let p(w) = -2*w + 7. Let u(n) = 13*p(n) - 6*y(n). What is u(3)?
-5
Let i(h) be the first derivative of -1/4*h**4 - 4/3*h**3 + 2 + 7*h + 5/2*h**2. Give i(-5).
7
Let p(g) be the second derivative of 2/3*g**3 + 5/12*g**4 - 2*g - 2*g**2 + 0 + 1/20*g**5. Suppose -3*y - 4*x - 3 = -11, 3*y = -3*x + 3. What is p(y)?
-4
Let a(x) = x + 3*x - x - 4*x. Let u(h) = -2*h + 7. Let z(i) = 3*a(i) - u(i). Calculate z(-5).
-2
Let k(r) be the second derivative of 1/6*r**3 + r + 3*r**2 + 0. What is k(-7)?
-1
Let d be (3 + -1)*(-3 - 1). Let h(i) = i + 9. Let b be h(d). Let y(c) = 3*c**3 - 2*c**2 + b + 2*c**3 + 2*c - 2*c**3 - 4*c**3. Give y(-2).
-3
Let j(x) = -x - 8. Let w(c) = 2. Let k(r) = j(r) + 6*w(r). Give k(7).
-3
Let m(p) = p + 1 + 0*p - 2. Suppose l - 4*j = 13, -2*l - 2*j - 7 = 7. Let h be l/(-2)*2/3. Determine m(h).
0
Let b(j) = -8*j**2 + 2*j + 3. Let d be 4 + (-3 - (-1 + -1)). Let g(u) = 16*u**2 - 3*u - 5. Let x(l) = d*g(l) + 5*b(l). Determine x(-1).
7
Let q be (-2)/(1 + 0 + -2). Let h(n) be the first derivative of n**5/10 - n**4/6 - n**3/2 + n**2 + 2*n + 1. Let u(d) be the first derivative of h(d). Give u(q).
4
Let m(d) be the third derivative of d**7/2520 + d**6/144 - d**5/15 + 3*d**2. Let o(z) be the third derivative of m(z). Give o(-4).
-3
Let m(l) = -2*l**2 + 3*l + 2. Suppose 2*y = 7*y - 15. Give m(y).
-7
Let l(u) be the first derivative of u**2/2 + 4*u - 13. What is l(0)?
4
Let n be (-13)/26*(-2)/1. Let h(t) = 9*t - 11*t + t**2 - 2*t**3 + n + 3*t**3. Calculate h(-2).
1
Let z(g) be the first derivative of -g**4/24 - g**2/2 + 3. Let x(l) be the second derivative of z(l). Calculate x(0).
0
Let z(q) be the third derivative of q**7/2520 + q**6/180 + q**5/40 - q**4/12 + 3*q**2. Let k(j) be the second derivative of z(j). Determine k(-3).
0
Let o = 12 + -4. Suppose 2*p + 10 = 2*h, p - o = -h - 5. Let y(l) be the second derivative of -l**5/10 + l**4/12 - l**2/2 - l. Determine y(p).
2
Let l(d) = -5 - d**2 + 5. S